s the remainder when b is divided by a?
19
Suppose -1189 = 3*p + 5*a, -4*a + 600 = 3*p + 1784. What is the remainder when p/(-15) + (-32)/(-240) is divided by 16?
10
Suppose 0 = 3*d - 33 - 45. Let z = -448 + 248. Let o = 328 + z. What is the remainder when o is divided by d?
24
Suppose 2*j - 17 = 5*u, 5*j - 2 = 3. Calculate the remainder when 155 is divided by (u*(-6)/9)/(4/156).
77
Suppose 3*m - 21 = -0*m - 2*g, -5*g + 7 = m. Suppose -21*k + 17 = -378*h + 379*h, -34 = -2*h - 5*k. What is the remainder when h is divided by m?
3
Let a(d) = 181*d + 162. What is the remainder when a(4) is divided by 74?
72
Suppose -32*o + 7896 = 7416. Suppose 184 + 13 = c. Suppose -c = -s - 2*s + 5*q, -3*q = -5*s + 307. Calculate the remainder when s is divided by o.
14
Let x = 8565 - 8545. What is the remainder when 634 is divided by x?
14
Let l = -2268 + 2304. What is the remainder when 7198 is divided by l?
34
Suppose f - 2 = 0, f + 818 = 3*s - f. What is the remainder when s is divided by 2?
0
Suppose 13*b - 3*d - 179 = 8*b, -71 = -2*b + d. What is the remainder when 340 is divided by -4 + 2 + b - -6?
36
Let j = 198 + -144. Suppose 5*z + 4*x = 2*x + j, -9 = 3*x. Calculate the remainder when 32 is divided by z.
8
Let a = -245 + 347. Let g = 163 - a. Calculate the remainder when g is divided by 9.
7
Let m = 848 + -854. Let h(g) = 16*g**2 + 50*g + 16. What is the remainder when h(m) is divided by 21?
19
Let o be (4/8*-1)/(10/(-160)). Calculate the remainder when (-156)/((-12)/4)*6/o is divided by 35.
4
Calculate the remainder when ((-278)/(-8) + -4)/(-5*6/(-2920)) is divided by 75.
68
Let g(w) = 16*w**3 + w**2 + 2*w. Let i be g(-3). Let l = i + 717. What is the remainder when l is divided by 58?
56
Let y be (-29 + 14)/((-2)/6). Calculate the remainder when 4/(-10) + (3618/y - -7) is divided by 11.
10
Suppose 5*m = 2*c + 5056, m - 880 = -3*c + 121. What is the remainder when -1 + -4 + 10/(100/m) is divided by 29?
9
Suppose 99 = 42*o - 321. Calculate the remainder when (14/(-70) - (-1272)/o) + -3 is divided by 42.
40
Suppose 2569 = 90*c - 95621. What is the remainder when c is divided by 78?
77
Let h = 83 + -74. Let n be (6 - h) + 80*1. Suppose n*g = 80*g - 36. Calculate the remainder when 57 is divided by g.
9
Suppose 22*o + 438 = 1230. Suppose 3*c - 139 = -f + 6*c, 0 = f - 4*c - 139. Calculate the remainder when f is divided by o.
31
Let o = 1213 + -779. Let r = 476 - o. What is the remainder when 335 is divided by r?
41
Calculate the remainder when (6/7)/((-240)/(-71680)) is divided by 39.
22
Suppose -d + 2*o + 8 = 0, 2*d + 6*o = 2*o + 56. Suppose 0 = 10*y + d*y - 1484. What is the remainder when 473 is divided by y?
49
Suppose 5*g = 0, 2*x + 12*g - 8*g = 100. Let o = -57 - -200. What is the remainder when o is divided by x?
43
Let w(b) = 18*b - 40. Let d be w(8). Suppose 5*u - 9*u + d = 0. Suppose 0 = q + 3*r - 33, -u = -q + 2*r + 12. Calculate the remainder when 64 is divided by q.
28
Suppose q - 8 = 0, 116 = h + 3*q + 20. Calculate the remainder when 702 is divided by h.
54
Let w(s) = s**3 + 32*s**2 - 82*s - 134. Suppose -344 = -4*v + i - 4*i, -4*v + 344 = 4*i. What is the remainder when w(-34) is divided by v?
84
Let q(g) = 8*g - 11. Let u be q(8). Let k = u - 51. Suppose 18 = k*r - 0*j - 2*j, 0 = 3*r + 5*j - 35. Calculate the remainder when r is divided by 3.
1
Suppose 0 = -15*h - 4*l + 82810, 32*h + 22113 = 36*h - 5*l. What is the remainder when h is divided by 65?
62
Let o = 204 - -72. Suppose 0 = -5*m - o + 866. Let q = m + -114. Calculate the remainder when 52 is divided by q.
0
Let t = -15306 + 15348. What is the remainder when 3821 is divided by t?
41
Let r(v) = 27*v - 1. Suppose -2*s = -68 + 40. Let j be r(s). Suppose 11*n = 52 + j. Calculate the remainder when n is divided by 20.
19
Let g = 4271 + -2782. What is the remainder when g is divided by 4?
1
Let y be (50 + -51)*109*1. Let z = y + 153. What is the remainder when z is divided by 32?
12
Suppose -2*i + 0*i + 390 = 0. Let a(m) = -851*m**2 + 2*m - 5. Let k be a(1). Let l = 903 + k. What is the remainder when i is divided by l?
48
Suppose -3*k = -x + 65, -4*k + 110 + 40 = 2*x. Calculate the remainder when x is divided by 63.
8
Suppose 0 = -u + 3*q - q - 138, 2*q = -5*u - 654. Let g = u + 261. What is the remainder when g is divided by (-1 - -45)*(-2 + 3)?
41
Calculate the remainder when 659 is divided by (-3 + (-12)/(-5))*(-5200)/195.
3
Let q = 5211 - 5178. What is the remainder when 245 is divided by q?
14
Let c = 116 - 113. Suppose -c*d = -3*y + 279, -116 - 143 = -3*y - 2*d. Let n = 151 - y. Calculate the remainder when n is divided by 32.
30
Let n(p) = -1807*p + 2079. Calculate the remainder when 886 is divided by n(1).
70
What is the remainder when 1295 is divided by (-20)/15*(2570/(-20) - 8)?
21
Suppose -b + 223 = 5*u, 0 = 2*u + 72*b - 68*b - 82. Calculate the remainder when 488 is divided by u.
38
Let j = 1205 - 1127. Calculate the remainder when 377 is divided by j.
65
Suppose 6*i = i. Suppose i = -2*c + 3*u + 131, 3*c + c - u = 277. Let z(v) = 3*v + 51. Calculate the remainder when c is divided by z(-11).
16
Let d(n) = -2*n + 5*n**2 + 34 + 8*n**2 + 6*n**2 - 20*n**2 + n. Calculate the remainder when d(0) is divided by 6.
4
Suppose -5*z = -6*u + 2*u + 111, 0 = z - 1. Let i(m) = 2*m**3 + m**2 - 7*m + 15. Calculate the remainder when i(3) is divided by u.
28
Suppose -6*n = 1 - 55. Suppose -n = -2*g - 5. Suppose 2*m = -g*m + 136. Calculate the remainder when 65 is divided by m.
31
Let u(h) = -h + 18. Let r(q) = q**2 - 11*q + 4. Let s be r(12). Let k be (s + -1 + 2)/(-1). What is the remainder when 101 is divided by u(k)?
31
Suppose -67*v + 89 = -190 - 123. Let j(o) = -o + 0*o**3 + 2*o**3 - 5*o**3 + 2*o**3 - 2*o**2 - 1. What is the remainder when j(-3) is divided by v?
5
Suppose 96*s = 94*s + 48. Suppose 4*q = a - s, 4*q - 104 = 6*a - 9*a. Calculate the remainder when 126 is divided by a.
30
Let y = 81 - 149. Let u = y - -242. Calculate the remainder when u is divided by 60.
54
Let i(x) = -2*x**2 - 19*x + 38. Suppose 21*l = 692 + 505. Calculate the remainder when l is divided by i(-11).
2
Let f be (1 - -1 - (8 - 9)) + -797. Let s = -391 - f. Calculate the remainder when s is divided by 15.
13
Suppose 5*w = -4*a + 2051, -4*w - 98*a + 100*a + 1646 = 0. What is the remainder when w is divided by 56?
19
Let u = -4105 + 4160. What is the remainder when 1428 is divided by u?
53
Suppose -w + 341 = 2*i, 2455 = 5*w + 3*i + 729. What is the remainder when w is divided by 90?
77
Suppose 46 = 2*q - g - 26, -5*q - 4*g = -206. Suppose 3*h - 2*i + 1126 = 5*h, 0 = 12*h - 3*i - 6831. Calculate the remainder when h is divided by q.
36
Let r be -70*(2/5)/((-6)/(-78)). Let z = r - -398. What is the remainder when z is divided by 18?
16
Suppose 0 = -13*r - 13 + 52. Suppose r*w + 14 = -40. Let l(a) = 2*a**2 + 36*a + 6. What is the remainder when 12 is divided by l(w)?
0
Let g(i) = -43*i - 347. Let w be g(-8). Calculate the remainder when 7 is divided by (-3)/((-8)/12 - w/(-9)).
1
Suppose -2*r + 172 = -30. Suppose 347 = 3*w + r. What is the remainder when w is divided by 28?
26
Calculate the remainder when 1012 is divided by (4 - 2)/((-147)/(-48) + -3).
20
Let r = -9876 + 10031. Calculate the remainder when 465 is divided by r.
0
Let w(c) = 72*c**2 + 192*c + 386. Calculate the remainder when w(-2) is divided by 27.
20
Let g(o) = -18*o - 104. Suppose -2*a + 22 = 3*l + 71, 0 = 2*l - a + 28. What is the remainder when g(l) is divided by 28?
26
Let u(m) = m**3 + 10*m**2 + 15*m + 29. Let c be u(-9). What is the remainder when (51/9)/((-1)/(-6)) is divided by c/(-10)*(-48)/(-10)?
10
Suppose 22*j = -5*j + 3348. Let h = -39 + j. Let y = 22 - -7. Calculate the remainder when h is divided by y.
27
Suppose -4*k - 2*m = -1016, 0 = -7*k + 4*k - 4*m + 767. Let i = 261 - k. Calculate the remainder when 26 is divided by i.
2
Let z(a) be the third derivative of -a**6/60 + a**5/60 + a**4/6 + 2*a**3/3 + 33*a**2. Let v = -14 - -11. What is the remainder when z(v) is divided by 14?
13
Suppose -61 = 4*n - 5*n + 5*w, 4*n = -4*w + 268. Suppose 3*b - 5*y = -10*y + 69, -b + 3*y = -37. Calculate the remainder when n is divided by (b/(-8))/(-7)*36.
12
Let q(b) = 3*b**2 + 188 - 292 + 27*b + 182. What is the remainder when q(-8) is divided 